{"id":738,"date":"2017-03-21T21:12:39","date_gmt":"2017-03-21T21:12:39","guid":{"rendered":"https:\/\/munisanjuansac.org\/msj\/?page_id=738"},"modified":"2017-03-21T21:12:39","modified_gmt":"2017-03-21T21:12:39","slug":"informe-mensual-de-ejecucion-presupuestaria-2016","status":"publish","type":"page","link":"https:\/\/munisanjuansac.org\/msj\/informe-mensual-de-ejecucion-presupuestaria-2016\/","title":{"rendered":"Informe Mensual de Ejecuci\u00f3n Presupuestaria 2016"},"content":{"rendered":"<p><span style=\"color: #000000;\"><a style=\"color: #000000;\" href=\"https:\/\/munisanjuansac.org\/msj\/wp-content\/uploads\/2016\/11\/8-INFORME-MENSUAL-EJECUCION-DE-EGRESOS-2016.pdf\" target=\"_blank\">Informe de Ejecuci\u00f3n Presupuestaria &#8211; Enero 2016<\/a><\/span><\/p>\n<p><span style=\"color: #000000;\"><a style=\"color: #000000;\" href=\"https:\/\/munisanjuansac.org\/msj\/wp-content\/uploads\/2016\/11\/8-INFORME-MENSUAL-EJECUCION-DE-EGRESOS-2016...pdf\" target=\"_blank\">Informe de Ejecuci\u00f3n Presupuestaria &#8211; Febrero 2016<\/a><\/span><\/p>\n<p><span style=\"color: #000000;\"><a style=\"color: #000000;\" href=\"https:\/\/munisanjuansac.org\/msj\/wp-content\/uploads\/2016\/11\/8-INFORME-MENSUAL-EJECUCION-DE-EGRESOS-MARZO-2016..pdf\" target=\"_blank\">Informe de Ejecuci\u00f3n Presupuestaria &#8211; Marzo 2016<\/a><\/span><\/p>\n<p><span style=\"color: #000000;\"><a style=\"color: #000000;\" href=\"https:\/\/munisanjuansac.org\/msj\/wp-content\/uploads\/2016\/11\/8-INFORME-MENSUAL-DE-LA-EJECUCION-EGRESOS-ABRIL-2016.pdf\" target=\"_blank\">Informe de Ejecuci\u00f3n Presupuestaria &#8211; Abril 2016<\/a><\/span><\/p>\n<p><span style=\"color: #000000;\"><a style=\"color: #000000;\" href=\"https:\/\/munisanjuansac.org\/msj\/wp-content\/uploads\/2016\/11\/8-Informe-Mensual-de-la-Ejecuci\u00f3n-de-Egresos-Mayo-2016.pdf\" target=\"_blank\">Informe de Ejecuci\u00f3n Presupuestaria &#8211; Mayo 2016<\/a><\/span><\/p>\n<p><span style=\"color: #000000;\"><a style=\"color: #000000;\" href=\"https:\/\/munisanjuansac.org\/msj\/wp-content\/uploads\/2016\/11\/8-Informe-Mensual-de-la-Ejecuci\u00f3n-de-Egresos-Junio-2016.pdf\" target=\"_blank\">Informe de Ejecuci\u00f3n Presupuestaria &#8211; Junio 2016<\/a><\/span><\/p>\n<p><span style=\"color: #000000;\"><a style=\"color: #000000;\" href=\"https:\/\/munisanjuansac.org\/msj\/wp-content\/uploads\/2016\/11\/8-Informe-Mensual-de-la-Ejecuci\u00f3n-de-Egresos-Julio-2016.pdf\" target=\"_blank\">Informe de Ejecuci\u00f3n Presupuestaria &#8211; Julio 2016<\/a><\/span><\/p>\n<p><span style=\"color: #000000;\"><a style=\"color: #000000;\" href=\"https:\/\/munisanjuansac.org\/msj\/wp-content\/uploads\/2016\/11\/8-Informe-Mensual-de-Ejecuci\u00f3n-de-Egresos-Agosto.pdf\" target=\"_blank\">Informe de Ejecuci\u00f3n Presupuestaria &#8211; Agosto 2016<\/a><\/span><\/p>\n<p><span style=\"color: #000000;\"><a style=\"color: #000000;\" href=\"https:\/\/munisanjuansac.org\/msj\/wp-content\/uploads\/2016\/11\/8-INFORME-MENSUAL-EGRESOS.pdf\" target=\"_blank\">Informe de Ejecuci\u00f3n Presupuestaria &#8211; Septiembre 2016<\/a><\/span><\/p>\n<p><a style=\"color: #000000;\" href=\"https:\/\/munisanjuansac.org\/msj\/wp-content\/uploads\/2017\/01\/8-INFORME-MENSUAL-EGRESOS-OCT.-2016.pdf\" target=\"_blank\">Informe de Ejecuci\u00f3n Presupuestaria &#8211; Octubre\u00a02016<\/a><\/p>\n<p><a style=\"color: #000000;\" href=\"https:\/\/munisanjuansac.org\/msj\/wp-content\/uploads\/2017\/01\/8-INFORME-MENSUAL-DE-EGRESOS-NOV-2016.pdf\" target=\"_blank\">Informe de Ejecuci\u00f3n Presupuestaria &#8211; Noviembre 2016<\/a><\/p>\n<p><a style=\"color: #000000;\" href=\"https:\/\/munisanjuansac.org\/msj\/wp-content\/uploads\/2017\/01\/8-EJECUCION-PRESUPUESTARIA-DE-EGRESOS-2016.pdf\" target=\"_blank\">Informe de Ejecuci\u00f3n Presupuestaria &#8211; Diciembre 2016<\/a><\/p>\n","protected":false},"excerpt":{"rendered":"<p>Informe de Ejecuci\u00f3n Presupuestaria &#8211; Enero 2016 Informe de Ejecuci\u00f3n Presupuestaria &#8211; Febrero 2016 Informe de Ejecuci\u00f3n Presupuestaria &#8211; Marzo 2016 Informe de Ejecuci\u00f3n Presupuestaria &#8211; Abril 2016 Informe de&hellip;<\/p>\n","protected":false},"author":1,"featured_media":0,"parent":0,"menu_order":0,"comment_status":"closed","ping_status":"closed","template":"","meta":{"footnotes":""},"class_list":["post-738","page","type-page","status-publish","hentry"],"yoast_head":"<!-- This site is optimized with the Yoast SEO plugin v22.0 - https:\/\/yoast.com\/wordpress\/plugins\/seo\/ -->\n<title>Informe Mensual de Ejecuci\u00f3n Presupuestaria 2016 - Municipalidad de San Juan Sacatep\u00e9quez<\/title>\n<meta name=\"robots\" content=\"index, follow, max-snippet:-1, max-image-preview:large, max-video-preview:-1\" \/>\n<link rel=\"canonical\" href=\"https:\/\/munisanjuansac.org\/msj\/informe-mensual-de-ejecucion-presupuestaria-2016\/\" \/>\n<meta property=\"og:locale\" content=\"es_ES\" \/>\n<meta property=\"og:type\" content=\"article\" \/>\n<meta property=\"og:title\" content=\"Informe Mensual de Ejecuci\u00f3n Presupuestaria 2016 - Municipalidad de San Juan Sacatep\u00e9quez\" \/>\n<meta property=\"og:description\" content=\"Informe de Ejecuci\u00f3n Presupuestaria &#8211; Enero 2016 Informe de Ejecuci\u00f3n Presupuestaria &#8211; Febrero 2016 Informe de Ejecuci\u00f3n Presupuestaria &#8211; Marzo 2016 Informe de Ejecuci\u00f3n Presupuestaria &#8211; Abril 2016 Informe de&hellip;\" \/>\n<meta property=\"og:url\" content=\"https:\/\/munisanjuansac.org\/msj\/informe-mensual-de-ejecucion-presupuestaria-2016\/\" \/>\n<meta property=\"og:site_name\" content=\"Municipalidad de San Juan Sacatep\u00e9quez\" \/>\n<meta property=\"article:publisher\" content=\"https:\/\/www.facebook.com\/MunicipalidadSanJuanSacatepequez\" \/>\n<meta name=\"twitter:card\" content=\"summary_large_image\" \/>\n<meta name=\"twitter:site\" content=\"@SanJuanSacatep1\" \/>\n<script type=\"application\/ld+json\" class=\"yoast-schema-graph\">{\"@context\":\"https:\/\/schema.org\",\"@graph\":[{\"@type\":\"WebPage\",\"@id\":\"https:\/\/munisanjuansac.org\/msj\/informe-mensual-de-ejecucion-presupuestaria-2016\/\",\"url\":\"https:\/\/munisanjuansac.org\/msj\/informe-mensual-de-ejecucion-presupuestaria-2016\/\",\"name\":\"Informe Mensual de Ejecuci\u00f3n Presupuestaria 2016 - Municipalidad de San Juan Sacatep\u00e9quez\",\"isPartOf\":{\"@id\":\"https:\/\/munisanjuansac.org\/msj\/#website\"},\"datePublished\":\"2017-03-21T21:12:39+00:00\",\"dateModified\":\"2017-03-21T21:12:39+00:00\",\"breadcrumb\":{\"@id\":\"https:\/\/munisanjuansac.org\/msj\/informe-mensual-de-ejecucion-presupuestaria-2016\/#breadcrumb\"},\"inLanguage\":\"es\",\"potentialAction\":[{\"@type\":\"ReadAction\",\"target\":[\"https:\/\/munisanjuansac.org\/msj\/informe-mensual-de-ejecucion-presupuestaria-2016\/\"]}]},{\"@type\":\"BreadcrumbList\",\"@id\":\"https:\/\/munisanjuansac.org\/msj\/informe-mensual-de-ejecucion-presupuestaria-2016\/#breadcrumb\",\"itemListElement\":[{\"@type\":\"ListItem\",\"position\":1,\"name\":\"Portada\",\"item\":\"https:\/\/munisanjuansac.org\/msj\/\"},{\"@type\":\"ListItem\",\"position\":2,\"name\":\"Informe Mensual de Ejecuci\u00f3n Presupuestaria 2016\"}]},{\"@type\":\"WebSite\",\"@id\":\"https:\/\/munisanjuansac.org\/msj\/#website\",\"url\":\"https:\/\/munisanjuansac.org\/msj\/\",\"name\":\"Municipalidad de San Juan Sacatep\u00e9quez\",\"description\":\"\",\"publisher\":{\"@id\":\"https:\/\/munisanjuansac.org\/msj\/#organization\"},\"potentialAction\":[{\"@type\":\"SearchAction\",\"target\":{\"@type\":\"EntryPoint\",\"urlTemplate\":\"https:\/\/munisanjuansac.org\/msj\/?s={search_term_string}\"},\"query-input\":\"required name=search_term_string\"}],\"inLanguage\":\"es\"},{\"@type\":\"Organization\",\"@id\":\"https:\/\/munisanjuansac.org\/msj\/#organization\",\"name\":\"Municipalidad de San Juan Sacatep\u00e9quez\",\"url\":\"https:\/\/munisanjuansac.org\/msj\/\",\"logo\":{\"@type\":\"ImageObject\",\"inLanguage\":\"es\",\"@id\":\"https:\/\/munisanjuansac.org\/msj\/#\/schema\/logo\/image\/\",\"url\":\"https:\/\/munisanjuansac.org\/msj\/wp-content\/uploads\/2023\/11\/LOGO-45-DE-ANCHO-POR-50-DE-ALTO-DERECHO-E-IZQUIERDO-921x1024.png\",\"contentUrl\":\"https:\/\/munisanjuansac.org\/msj\/wp-content\/uploads\/2023\/11\/LOGO-45-DE-ANCHO-POR-50-DE-ALTO-DERECHO-E-IZQUIERDO-921x1024.png\",\"width\":921,\"height\":1024,\"caption\":\"Municipalidad de San Juan Sacatep\u00e9quez\"},\"image\":{\"@id\":\"https:\/\/munisanjuansac.org\/msj\/#\/schema\/logo\/image\/\"},\"sameAs\":[\"https:\/\/www.facebook.com\/MunicipalidadSanJuanSacatepequez\",\"https:\/\/twitter.com\/SanJuanSacatep1\",\"https:\/\/www.youtube.com\/@municipalidadsanjuansacate2849\/videos\",\"https:\/\/www.tiktok.com\/@munisanjuansac?lang=es\",\"https:\/\/www.tiktok.com\/@jc_pellecer?lang=es\"]}]}<\/script>\n<!-- \/ Yoast SEO plugin. -->","yoast_head_json":{"title":"Informe Mensual de Ejecuci\u00f3n Presupuestaria 2016 - Municipalidad de San Juan Sacatep\u00e9quez","robots":{"index":"index","follow":"follow","max-snippet":"max-snippet:-1","max-image-preview":"max-image-preview:large","max-video-preview":"max-video-preview:-1"},"canonical":"https:\/\/munisanjuansac.org\/msj\/informe-mensual-de-ejecucion-presupuestaria-2016\/","og_locale":"es_ES","og_type":"article","og_title":"Informe Mensual de Ejecuci\u00f3n Presupuestaria 2016 - Municipalidad de San Juan Sacatep\u00e9quez","og_description":"Informe de Ejecuci\u00f3n Presupuestaria &#8211; Enero 2016 Informe de Ejecuci\u00f3n Presupuestaria &#8211; Febrero 2016 Informe de Ejecuci\u00f3n Presupuestaria &#8211; Marzo 2016 Informe de Ejecuci\u00f3n Presupuestaria &#8211; Abril 2016 Informe de&hellip;","og_url":"https:\/\/munisanjuansac.org\/msj\/informe-mensual-de-ejecucion-presupuestaria-2016\/","og_site_name":"Municipalidad de San Juan Sacatep\u00e9quez","article_publisher":"https:\/\/www.facebook.com\/MunicipalidadSanJuanSacatepequez","twitter_card":"summary_large_image","twitter_site":"@SanJuanSacatep1","schema":{"@context":"https:\/\/schema.org","@graph":[{"@type":"WebPage","@id":"https:\/\/munisanjuansac.org\/msj\/informe-mensual-de-ejecucion-presupuestaria-2016\/","url":"https:\/\/munisanjuansac.org\/msj\/informe-mensual-de-ejecucion-presupuestaria-2016\/","name":"Informe Mensual de Ejecuci\u00f3n Presupuestaria 2016 - Municipalidad de San Juan Sacatep\u00e9quez","isPartOf":{"@id":"https:\/\/munisanjuansac.org\/msj\/#website"},"datePublished":"2017-03-21T21:12:39+00:00","dateModified":"2017-03-21T21:12:39+00:00","breadcrumb":{"@id":"https:\/\/munisanjuansac.org\/msj\/informe-mensual-de-ejecucion-presupuestaria-2016\/#breadcrumb"},"inLanguage":"es","potentialAction":[{"@type":"ReadAction","target":["https:\/\/munisanjuansac.org\/msj\/informe-mensual-de-ejecucion-presupuestaria-2016\/"]}]},{"@type":"BreadcrumbList","@id":"https:\/\/munisanjuansac.org\/msj\/informe-mensual-de-ejecucion-presupuestaria-2016\/#breadcrumb","itemListElement":[{"@type":"ListItem","position":1,"name":"Portada","item":"https:\/\/munisanjuansac.org\/msj\/"},{"@type":"ListItem","position":2,"name":"Informe Mensual de Ejecuci\u00f3n Presupuestaria 2016"}]},{"@type":"WebSite","@id":"https:\/\/munisanjuansac.org\/msj\/#website","url":"https:\/\/munisanjuansac.org\/msj\/","name":"Municipalidad de San Juan Sacatep\u00e9quez","description":"","publisher":{"@id":"https:\/\/munisanjuansac.org\/msj\/#organization"},"potentialAction":[{"@type":"SearchAction","target":{"@type":"EntryPoint","urlTemplate":"https:\/\/munisanjuansac.org\/msj\/?s={search_term_string}"},"query-input":"required name=search_term_string"}],"inLanguage":"es"},{"@type":"Organization","@id":"https:\/\/munisanjuansac.org\/msj\/#organization","name":"Municipalidad de San Juan Sacatep\u00e9quez","url":"https:\/\/munisanjuansac.org\/msj\/","logo":{"@type":"ImageObject","inLanguage":"es","@id":"https:\/\/munisanjuansac.org\/msj\/#\/schema\/logo\/image\/","url":"https:\/\/munisanjuansac.org\/msj\/wp-content\/uploads\/2023\/11\/LOGO-45-DE-ANCHO-POR-50-DE-ALTO-DERECHO-E-IZQUIERDO-921x1024.png","contentUrl":"https:\/\/munisanjuansac.org\/msj\/wp-content\/uploads\/2023\/11\/LOGO-45-DE-ANCHO-POR-50-DE-ALTO-DERECHO-E-IZQUIERDO-921x1024.png","width":921,"height":1024,"caption":"Municipalidad de San Juan Sacatep\u00e9quez"},"image":{"@id":"https:\/\/munisanjuansac.org\/msj\/#\/schema\/logo\/image\/"},"sameAs":["https:\/\/www.facebook.com\/MunicipalidadSanJuanSacatepequez","https:\/\/twitter.com\/SanJuanSacatep1","https:\/\/www.youtube.com\/@municipalidadsanjuansacate2849\/videos","https:\/\/www.tiktok.com\/@munisanjuansac?lang=es","https:\/\/www.tiktok.com\/@jc_pellecer?lang=es"]}]}},"_links":{"self":[{"href":"https:\/\/munisanjuansac.org\/msj\/wp-json\/wp\/v2\/pages\/738","targetHints":{"allow":["GET"]}}],"collection":[{"href":"https:\/\/munisanjuansac.org\/msj\/wp-json\/wp\/v2\/pages"}],"about":[{"href":"https:\/\/munisanjuansac.org\/msj\/wp-json\/wp\/v2\/types\/page"}],"author":[{"embeddable":true,"href":"https:\/\/munisanjuansac.org\/msj\/wp-json\/wp\/v2\/users\/1"}],"replies":[{"embeddable":true,"href":"https:\/\/munisanjuansac.org\/msj\/wp-json\/wp\/v2\/comments?post=738"}],"version-history":[{"count":2,"href":"https:\/\/munisanjuansac.org\/msj\/wp-json\/wp\/v2\/pages\/738\/revisions"}],"predecessor-version":[{"id":740,"href":"https:\/\/munisanjuansac.org\/msj\/wp-json\/wp\/v2\/pages\/738\/revisions\/740"}],"wp:attachment":[{"href":"https:\/\/munisanjuansac.org\/msj\/wp-json\/wp\/v2\/media?parent=738"}],"curies":[{"name":"wp","href":"https:\/\/api.w.org\/{rel}","templated":true}]}}