{"id":2453,"date":"2019-11-20T21:01:05","date_gmt":"2019-11-20T21:01:05","guid":{"rendered":"https:\/\/munisanjuansac.org\/msj\/?page_id=2453"},"modified":"2019-11-20T21:01:05","modified_gmt":"2019-11-20T21:01:05","slug":"pertenencia-linguistica-2019","status":"publish","type":"page","link":"https:\/\/munisanjuansac.org\/msj\/pertenencia-linguistica-2019\/","title":{"rendered":"Pertenencia Ling\u00fc\u00edstica 2019"},"content":{"rendered":"<p><a style=\"color: #000000;\" href=\"https:\/\/munisanjuansac.org\/msj\/wp-content\/uploads\/2019\/02\/28-Pertenencia-Linguistica-Enero-2019.pdf\">Pertenencia Ling\u00fc\u00edstica- Enero &#8211; 2019<\/a><\/p>\n<p><a style=\"color: #000000;\" href=\"https:\/\/munisanjuansac.org\/msj\/wp-content\/uploads\/2019\/07\/28-Pertenencia-Linguistica-Abril-2019.-1-1.pdf\">Pertenencia Ling\u00fc\u00edstica- Abril &#8211; 2019<\/a><\/p>\n<p><a style=\"color: #000000;\" href=\"https:\/\/munisanjuansac.org\/msj\/wp-content\/uploads\/2019\/07\/28.-Pertenencia-Linguistica-Mayo-2019.-.pdf\">Pertenencia Ling\u00fc\u00edstica- Mayo &#8211; 2019<\/a><\/p>\n<p><a style=\"color: #000000;\" href=\"https:\/\/munisanjuansac.org\/msj\/wp-content\/uploads\/2019\/08\/28.-Pertenencia-Linguistica-Junio-2019.-.pdf\">Pertenencia Ling\u00fc\u00edstica- Junio &#8211; 2019<\/a><\/p>\n<p><a style=\"color: #000000;\" href=\"https:\/\/munisanjuansac.org\/msj\/wp-content\/uploads\/2019\/10\/28.-Pertenencia-Linguistica-Julio-2019.-.pdf\">Pertenencia Ling\u00fc\u00edstica- Julio &#8211; 2019<\/a><\/p>\n<p><a style=\"color: #000000;\" href=\"https:\/\/munisanjuansac.org\/msj\/wp-content\/uploads\/2019\/10\/28-Pertenencia-Linguistica-AGOSTO-2019.-.pdf\">Pertenencia Ling\u00fc\u00edstica- Agosto &#8211; 2019<\/a><\/p>\n","protected":false},"excerpt":{"rendered":"<p>Pertenencia Ling\u00fc\u00edstica- Enero &#8211; 2019 Pertenencia Ling\u00fc\u00edstica- Abril &#8211; 2019 Pertenencia Ling\u00fc\u00edstica- Mayo &#8211; 2019 Pertenencia Ling\u00fc\u00edstica- Junio &#8211; 2019 Pertenencia Ling\u00fc\u00edstica- Julio &#8211; 2019 Pertenencia Ling\u00fc\u00edstica- Agosto &#8211; 2019<\/p>\n","protected":false},"author":1,"featured_media":0,"parent":0,"menu_order":0,"comment_status":"closed","ping_status":"closed","template":"","meta":{"footnotes":""},"class_list":["post-2453","page","type-page","status-publish","hentry"],"yoast_head":"<!-- This site is optimized with the Yoast SEO plugin v22.0 - https:\/\/yoast.com\/wordpress\/plugins\/seo\/ -->\n<title>Pertenencia Ling\u00fc\u00edstica 2019 - Municipalidad de San Juan Sacatep\u00e9quez<\/title>\n<meta name=\"robots\" content=\"index, follow, max-snippet:-1, max-image-preview:large, max-video-preview:-1\" \/>\n<link rel=\"canonical\" href=\"https:\/\/munisanjuansac.org\/msj\/pertenencia-linguistica-2019\/\" \/>\n<meta property=\"og:locale\" content=\"es_ES\" \/>\n<meta property=\"og:type\" content=\"article\" \/>\n<meta property=\"og:title\" content=\"Pertenencia Ling\u00fc\u00edstica 2019 - Municipalidad de San Juan Sacatep\u00e9quez\" \/>\n<meta property=\"og:description\" content=\"Pertenencia Ling\u00fc\u00edstica- Enero &#8211; 2019 Pertenencia Ling\u00fc\u00edstica- Abril &#8211; 2019 Pertenencia Ling\u00fc\u00edstica- Mayo &#8211; 2019 Pertenencia Ling\u00fc\u00edstica- Junio &#8211; 2019 Pertenencia Ling\u00fc\u00edstica- Julio &#8211; 2019 Pertenencia Ling\u00fc\u00edstica- Agosto &#8211; 2019\" \/>\n<meta property=\"og:url\" content=\"https:\/\/munisanjuansac.org\/msj\/pertenencia-linguistica-2019\/\" \/>\n<meta property=\"og:site_name\" content=\"Municipalidad de San Juan Sacatep\u00e9quez\" \/>\n<meta property=\"article:publisher\" content=\"https:\/\/www.facebook.com\/MunicipalidadSanJuanSacatepequez\" \/>\n<meta name=\"twitter:card\" content=\"summary_large_image\" \/>\n<meta name=\"twitter:site\" content=\"@SanJuanSacatep1\" \/>\n<script type=\"application\/ld+json\" class=\"yoast-schema-graph\">{\"@context\":\"https:\/\/schema.org\",\"@graph\":[{\"@type\":\"WebPage\",\"@id\":\"https:\/\/munisanjuansac.org\/msj\/pertenencia-linguistica-2019\/\",\"url\":\"https:\/\/munisanjuansac.org\/msj\/pertenencia-linguistica-2019\/\",\"name\":\"Pertenencia Ling\u00fc\u00edstica 2019 - Municipalidad de San Juan Sacatep\u00e9quez\",\"isPartOf\":{\"@id\":\"https:\/\/munisanjuansac.org\/msj\/#website\"},\"datePublished\":\"2019-11-20T21:01:05+00:00\",\"dateModified\":\"2019-11-20T21:01:05+00:00\",\"breadcrumb\":{\"@id\":\"https:\/\/munisanjuansac.org\/msj\/pertenencia-linguistica-2019\/#breadcrumb\"},\"inLanguage\":\"es\",\"potentialAction\":[{\"@type\":\"ReadAction\",\"target\":[\"https:\/\/munisanjuansac.org\/msj\/pertenencia-linguistica-2019\/\"]}]},{\"@type\":\"BreadcrumbList\",\"@id\":\"https:\/\/munisanjuansac.org\/msj\/pertenencia-linguistica-2019\/#breadcrumb\",\"itemListElement\":[{\"@type\":\"ListItem\",\"position\":1,\"name\":\"Portada\",\"item\":\"https:\/\/munisanjuansac.org\/msj\/\"},{\"@type\":\"ListItem\",\"position\":2,\"name\":\"Pertenencia Ling\u00fc\u00edstica 2019\"}]},{\"@type\":\"WebSite\",\"@id\":\"https:\/\/munisanjuansac.org\/msj\/#website\",\"url\":\"https:\/\/munisanjuansac.org\/msj\/\",\"name\":\"Municipalidad de San Juan Sacatep\u00e9quez\",\"description\":\"\",\"publisher\":{\"@id\":\"https:\/\/munisanjuansac.org\/msj\/#organization\"},\"potentialAction\":[{\"@type\":\"SearchAction\",\"target\":{\"@type\":\"EntryPoint\",\"urlTemplate\":\"https:\/\/munisanjuansac.org\/msj\/?s={search_term_string}\"},\"query-input\":\"required name=search_term_string\"}],\"inLanguage\":\"es\"},{\"@type\":\"Organization\",\"@id\":\"https:\/\/munisanjuansac.org\/msj\/#organization\",\"name\":\"Municipalidad de San Juan Sacatep\u00e9quez\",\"url\":\"https:\/\/munisanjuansac.org\/msj\/\",\"logo\":{\"@type\":\"ImageObject\",\"inLanguage\":\"es\",\"@id\":\"https:\/\/munisanjuansac.org\/msj\/#\/schema\/logo\/image\/\",\"url\":\"https:\/\/munisanjuansac.org\/msj\/wp-content\/uploads\/2023\/11\/LOGO-45-DE-ANCHO-POR-50-DE-ALTO-DERECHO-E-IZQUIERDO-921x1024.png\",\"contentUrl\":\"https:\/\/munisanjuansac.org\/msj\/wp-content\/uploads\/2023\/11\/LOGO-45-DE-ANCHO-POR-50-DE-ALTO-DERECHO-E-IZQUIERDO-921x1024.png\",\"width\":921,\"height\":1024,\"caption\":\"Municipalidad de San Juan Sacatep\u00e9quez\"},\"image\":{\"@id\":\"https:\/\/munisanjuansac.org\/msj\/#\/schema\/logo\/image\/\"},\"sameAs\":[\"https:\/\/www.facebook.com\/MunicipalidadSanJuanSacatepequez\",\"https:\/\/twitter.com\/SanJuanSacatep1\",\"https:\/\/www.youtube.com\/@municipalidadsanjuansacate2849\/videos\",\"https:\/\/www.tiktok.com\/@munisanjuansac?lang=es\",\"https:\/\/www.tiktok.com\/@jc_pellecer?lang=es\"]}]}<\/script>\n<!-- \/ Yoast SEO plugin. -->","yoast_head_json":{"title":"Pertenencia Ling\u00fc\u00edstica 2019 - Municipalidad de San Juan Sacatep\u00e9quez","robots":{"index":"index","follow":"follow","max-snippet":"max-snippet:-1","max-image-preview":"max-image-preview:large","max-video-preview":"max-video-preview:-1"},"canonical":"https:\/\/munisanjuansac.org\/msj\/pertenencia-linguistica-2019\/","og_locale":"es_ES","og_type":"article","og_title":"Pertenencia Ling\u00fc\u00edstica 2019 - Municipalidad de San Juan Sacatep\u00e9quez","og_description":"Pertenencia Ling\u00fc\u00edstica- Enero &#8211; 2019 Pertenencia Ling\u00fc\u00edstica- Abril &#8211; 2019 Pertenencia Ling\u00fc\u00edstica- Mayo &#8211; 2019 Pertenencia Ling\u00fc\u00edstica- Junio &#8211; 2019 Pertenencia Ling\u00fc\u00edstica- Julio &#8211; 2019 Pertenencia Ling\u00fc\u00edstica- Agosto &#8211; 2019","og_url":"https:\/\/munisanjuansac.org\/msj\/pertenencia-linguistica-2019\/","og_site_name":"Municipalidad de San Juan Sacatep\u00e9quez","article_publisher":"https:\/\/www.facebook.com\/MunicipalidadSanJuanSacatepequez","twitter_card":"summary_large_image","twitter_site":"@SanJuanSacatep1","schema":{"@context":"https:\/\/schema.org","@graph":[{"@type":"WebPage","@id":"https:\/\/munisanjuansac.org\/msj\/pertenencia-linguistica-2019\/","url":"https:\/\/munisanjuansac.org\/msj\/pertenencia-linguistica-2019\/","name":"Pertenencia Ling\u00fc\u00edstica 2019 - Municipalidad de San Juan Sacatep\u00e9quez","isPartOf":{"@id":"https:\/\/munisanjuansac.org\/msj\/#website"},"datePublished":"2019-11-20T21:01:05+00:00","dateModified":"2019-11-20T21:01:05+00:00","breadcrumb":{"@id":"https:\/\/munisanjuansac.org\/msj\/pertenencia-linguistica-2019\/#breadcrumb"},"inLanguage":"es","potentialAction":[{"@type":"ReadAction","target":["https:\/\/munisanjuansac.org\/msj\/pertenencia-linguistica-2019\/"]}]},{"@type":"BreadcrumbList","@id":"https:\/\/munisanjuansac.org\/msj\/pertenencia-linguistica-2019\/#breadcrumb","itemListElement":[{"@type":"ListItem","position":1,"name":"Portada","item":"https:\/\/munisanjuansac.org\/msj\/"},{"@type":"ListItem","position":2,"name":"Pertenencia Ling\u00fc\u00edstica 2019"}]},{"@type":"WebSite","@id":"https:\/\/munisanjuansac.org\/msj\/#website","url":"https:\/\/munisanjuansac.org\/msj\/","name":"Municipalidad de San Juan Sacatep\u00e9quez","description":"","publisher":{"@id":"https:\/\/munisanjuansac.org\/msj\/#organization"},"potentialAction":[{"@type":"SearchAction","target":{"@type":"EntryPoint","urlTemplate":"https:\/\/munisanjuansac.org\/msj\/?s={search_term_string}"},"query-input":"required name=search_term_string"}],"inLanguage":"es"},{"@type":"Organization","@id":"https:\/\/munisanjuansac.org\/msj\/#organization","name":"Municipalidad de San Juan Sacatep\u00e9quez","url":"https:\/\/munisanjuansac.org\/msj\/","logo":{"@type":"ImageObject","inLanguage":"es","@id":"https:\/\/munisanjuansac.org\/msj\/#\/schema\/logo\/image\/","url":"https:\/\/munisanjuansac.org\/msj\/wp-content\/uploads\/2023\/11\/LOGO-45-DE-ANCHO-POR-50-DE-ALTO-DERECHO-E-IZQUIERDO-921x1024.png","contentUrl":"https:\/\/munisanjuansac.org\/msj\/wp-content\/uploads\/2023\/11\/LOGO-45-DE-ANCHO-POR-50-DE-ALTO-DERECHO-E-IZQUIERDO-921x1024.png","width":921,"height":1024,"caption":"Municipalidad de San Juan Sacatep\u00e9quez"},"image":{"@id":"https:\/\/munisanjuansac.org\/msj\/#\/schema\/logo\/image\/"},"sameAs":["https:\/\/www.facebook.com\/MunicipalidadSanJuanSacatepequez","https:\/\/twitter.com\/SanJuanSacatep1","https:\/\/www.youtube.com\/@municipalidadsanjuansacate2849\/videos","https:\/\/www.tiktok.com\/@munisanjuansac?lang=es","https:\/\/www.tiktok.com\/@jc_pellecer?lang=es"]}]}},"_links":{"self":[{"href":"https:\/\/munisanjuansac.org\/msj\/wp-json\/wp\/v2\/pages\/2453","targetHints":{"allow":["GET"]}}],"collection":[{"href":"https:\/\/munisanjuansac.org\/msj\/wp-json\/wp\/v2\/pages"}],"about":[{"href":"https:\/\/munisanjuansac.org\/msj\/wp-json\/wp\/v2\/types\/page"}],"author":[{"embeddable":true,"href":"https:\/\/munisanjuansac.org\/msj\/wp-json\/wp\/v2\/users\/1"}],"replies":[{"embeddable":true,"href":"https:\/\/munisanjuansac.org\/msj\/wp-json\/wp\/v2\/comments?post=2453"}],"version-history":[{"count":1,"href":"https:\/\/munisanjuansac.org\/msj\/wp-json\/wp\/v2\/pages\/2453\/revisions"}],"predecessor-version":[{"id":2455,"href":"https:\/\/munisanjuansac.org\/msj\/wp-json\/wp\/v2\/pages\/2453\/revisions\/2455"}],"wp:attachment":[{"href":"https:\/\/munisanjuansac.org\/msj\/wp-json\/wp\/v2\/media?parent=2453"}],"curies":[{"name":"wp","href":"https:\/\/api.w.org\/{rel}","templated":true}]}}

Pertenencia Lingüística 2019

<p><a style="color: #000000;" href="https://munisanjuansac.org/msj/wp-content/uploads/2019/02/28-Pertenencia-Linguistica-Enero-2019.pdf">Pertenencia Lingüística- Enero &#8211; 2019</a></p>
<p><a style="color: #000000;" href="https://munisanjuansac.org/msj/wp-content/uploads/2019/07/28-Pertenencia-Linguistica-Abril-2019.-1-1.pdf">Pertenencia Lingüística- Abril &#8211; 2019</a></p>
<p><a style="color: #000000;" href="https://munisanjuansac.org/msj/wp-content/uploads/2019/07/28.-Pertenencia-Linguistica-Mayo-2019.-.pdf">Pertenencia Lingüística- Mayo &#8211; 2019</a></p>
<p><a style="color: #000000;" href="https://munisanjuansac.org/msj/wp-content/uploads/2019/08/28.-Pertenencia-Linguistica-Junio-2019.-.pdf">Pertenencia Lingüística- Junio &#8211; 2019</a></p>
<p><a style="color: #000000;" href="https://munisanjuansac.org/msj/wp-content/uploads/2019/10/28.-Pertenencia-Linguistica-Julio-2019.-.pdf">Pertenencia Lingüística- Julio &#8211; 2019</a></p>
<p><a style="color: #000000;" href="https://munisanjuansac.org/msj/wp-content/uploads/2019/10/28-Pertenencia-Linguistica-AGOSTO-2019.-.pdf">Pertenencia Lingüística- Agosto &#8211; 2019</a></p>

<p>Pertenencia Lingüística- Enero &#8211; 2019 Pertenencia Lingüística- Abril &#8211; 2019 Pertenencia Lingüística- Mayo &#8211; 2019 Pertenencia Lingüística- Junio &#8211; 2019 Pertenencia Lingüística- Julio &#8211; 2019 Pertenencia Lingüística- Agosto &#8211; 2019</p>

<!-- This site is optimized with the Yoast SEO plugin v22.0 - https://yoast.com/wordpress/plugins/seo/ -->
<title>Pertenencia Lingüística 2019 - Municipalidad de San Juan Sacatepéquez</title>
<meta name="robots" content="index, follow, max-snippet:-1, max-image-preview:large, max-video-preview:-1" />
<link rel="canonical" href="https://munisanjuansac.org/msj/pertenencia-linguistica-2019/" />
<meta property="og:locale" content="es_ES" />
<meta property="og:type" content="article" />
<meta property="og:title" content="Pertenencia Lingüística 2019 - Municipalidad de San Juan Sacatepéquez" />
<meta property="og:description" content="Pertenencia Lingüística- Enero &#8211; 2019 Pertenencia Lingüística- Abril &#8211; 2019 Pertenencia Lingüística- Mayo &#8211; 2019 Pertenencia Lingüística- Junio &#8211; 2019 Pertenencia Lingüística- Julio &#8211; 2019 Pertenencia Lingüística- Agosto &#8211; 2019" />
<meta property="og:url" content="https://munisanjuansac.org/msj/pertenencia-linguistica-2019/" />
<meta property="og:site_name" content="Municipalidad de San Juan Sacatepéquez" />
<meta property="article:publisher" content="https://www.facebook.com/MunicipalidadSanJuanSacatepequez" />
<meta name="twitter:card" content="summary_large_image" />
<meta name="twitter:site" content="@SanJuanSacatep1" />
<script type="application/ld+json" class="yoast-schema-graph">{"@context":"https://schema.org","@graph":[{"@type":"WebPage","@id":"https://munisanjuansac.org/msj/pertenencia-linguistica-2019/","url":"https://munisanjuansac.org/msj/pertenencia-linguistica-2019/","name":"Pertenencia Lingüística 2019 - Municipalidad de San Juan Sacatepéquez","isPartOf":{"@id":"https://munisanjuansac.org/msj/#website"},"datePublished":"2019-11-20T21:01:05+00:00","dateModified":"2019-11-20T21:01:05+00:00","breadcrumb":{"@id":"https://munisanjuansac.org/msj/pertenencia-linguistica-2019/#breadcrumb"},"inLanguage":"es","potentialAction":[{"@type":"ReadAction","target":["https://munisanjuansac.org/msj/pertenencia-linguistica-2019/"]}]},{"@type":"BreadcrumbList","@id":"https://munisanjuansac.org/msj/pertenencia-linguistica-2019/#breadcrumb","itemListElement":[{"@type":"ListItem","position":1,"name":"Portada","item":"https://munisanjuansac.org/msj/"},{"@type":"ListItem","position":2,"name":"Pertenencia Lingüística 2019"}]},{"@type":"WebSite","@id":"https://munisanjuansac.org/msj/#website","url":"https://munisanjuansac.org/msj/","name":"Municipalidad de San Juan Sacatepéquez","description":"","publisher":{"@id":"https://munisanjuansac.org/msj/#organization"},"potentialAction":[{"@type":"SearchAction","target":{"@type":"EntryPoint","urlTemplate":"https://munisanjuansac.org/msj/?s={search_term_string}"},"query-input":"required name=search_term_string"}],"inLanguage":"es"},{"@type":"Organization","@id":"https://munisanjuansac.org/msj/#organization","name":"Municipalidad de San Juan Sacatepéquez","url":"https://munisanjuansac.org/msj/","logo":{"@type":"ImageObject","inLanguage":"es","@id":"https://munisanjuansac.org/msj/#/schema/logo/image/","url":"https://munisanjuansac.org/msj/wp-content/uploads/2023/11/LOGO-45-DE-ANCHO-POR-50-DE-ALTO-DERECHO-E-IZQUIERDO-921x1024.png","contentUrl":"https://munisanjuansac.org/msj/wp-content/uploads/2023/11/LOGO-45-DE-ANCHO-POR-50-DE-ALTO-DERECHO-E-IZQUIERDO-921x1024.png","width":921,"height":1024,"caption":"Municipalidad de San Juan Sacatepéquez"},"image":{"@id":"https://munisanjuansac.org/msj/#/schema/logo/image/"},"sameAs":["https://www.facebook.com/MunicipalidadSanJuanSacatepequez","https://twitter.com/SanJuanSacatep1","https://www.youtube.com/@municipalidadsanjuansacate2849/videos","https://www.tiktok.com/@munisanjuansac?lang=es","https://www.tiktok.com/@jc_pellecer?lang=es"]}]}</script>
<!-- / Yoast SEO plugin. -->

Pertenencia Lingüística 2019 - Municipalidad de San Juan Sacatepéquez

Pertenencia Lingüística- Enero &#8211; 2019 Pertenencia Lingüística- Abril &#8211; 2019 Pertenencia Lingüística- Mayo &#8211; 2019 Pertenencia Lingüística- Junio &#8211; 2019 Pertenencia Lingüística- Julio &#8211; 2019 Pertenencia Lingüística- Agosto &#8211; 2019

Municipalidad de San Juan Sacatepéquez
