{"id":1541,"date":"2018-07-18T17:23:02","date_gmt":"2018-07-18T17:23:02","guid":{"rendered":"https:\/\/munisanjuansac.org\/msj\/?page_id=1541"},"modified":"2018-07-18T17:23:02","modified_gmt":"2018-07-18T17:23:02","slug":"informe-sobre-pertenencia-sociolinguistica-2017","status":"publish","type":"page","link":"https:\/\/munisanjuansac.org\/msj\/informe-sobre-pertenencia-sociolinguistica-2017\/","title":{"rendered":"Informe sobre Pertenencia Socioling\u00fcistica 2017"},"content":{"rendered":"<p><span style=\"color: #000000;\"><a style=\"color: #000000;\" href=\"https:\/\/munisanjuansac.org\/msj\/wp-content\/uploads\/2017\/03\/28-PERTENENCIA-LING\u00dc\u00cdSTICA-ENERO-2017.pdf\" target=\"_blank\" rel=\"noopener noreferrer\">Pertenencia Ling\u00fc\u00edstica- Enero- 201<\/a>7<\/span><br \/>\n<span style=\"color: #000000;\"><a style=\"color: #000000;\" href=\"https:\/\/munisanjuansac.org\/msj\/wp-content\/uploads\/2017\/03\/28-PERTENENCIA-LING\u00dc\u00cdSTICA-FEBRERO-2017.pdf\" target=\"_blank\" rel=\"noopener noreferrer\">Pertenencia Ling\u00fc\u00edstica- Febrero- 201<\/a>7<\/span><\/p>\n<p><a style=\"color: #000000;\" href=\"https:\/\/munisanjuansac.org\/msj\/wp-content\/uploads\/2017\/05\/28-PERTENENCIA-LING\u00dc\u00cdSTICA-MARZO-2017.pdf\" target=\"_blank\" rel=\"noopener noreferrer\">Pertenencia Ling\u00fc\u00edstica- Marzo &#8211; 201<\/a>7<\/p>\n<p><span style=\"color: #000000;\"><a style=\"color: #000000;\" href=\"https:\/\/munisanjuansac.org\/msj\/wp-content\/uploads\/2017\/07\/28-PERTENENCIA-LING\u00dc\u00cdSTICA-JUNIO-2017.pdf\">Pertenencia Ling\u00fc\u00edstica- Abril &#8211; 2017<\/a><\/span><\/p>\n<p><span style=\"color: #000000;\"><a style=\"color: #000000;\" href=\"https:\/\/munisanjuansac.org\/msj\/wp-content\/uploads\/2017\/07\/28-PERTENENCIA-LING\u00dc\u00cdSTICA-MAYO-2017.pdf\">Pertenencia Ling\u00fc\u00edstica- Mayo &#8211; 2017<\/a><\/span><\/p>\n<p><a style=\"color: #000000;\" href=\"https:\/\/munisanjuansac.org\/msj\/wp-content\/uploads\/2017\/07\/28-PERTENENCIA-LING\u00dc\u00cdSTICA-JUNIO-2017.pdf\">Pertenencia Ling\u00fc\u00edstica- Junio &#8211; 2017<\/a><\/p>\n<p><span style=\"color: #000000;\"><a style=\"color: #000000;\" href=\"https:\/\/munisanjuansac.org\/msj\/wp-content\/uploads\/2017\/08\/28-PERTENENCIA-LING\u00dc\u00cdSTICA-JULIO-2017.pdf\">Pertenencia Ling\u00fc\u00edstica- Julio &#8211; 2017<\/a><\/span><\/p>\n<p><a style=\"color: #000000;\" href=\"https:\/\/munisanjuansac.org\/msj\/wp-content\/uploads\/2017\/09\/28-PERTENENCIA-LING\u00dc\u00cdSTICA-AGOSTO-2017.pdf\">Pertenencia Ling\u00fc\u00edstica- Agosto &#8211; 2017<\/a><\/p>\n<p><a style=\"color: #000000;\" href=\"https:\/\/munisanjuansac.org\/msj\/wp-content\/uploads\/2017\/10\/28-PERTENENCIA-LING\u00dc\u00cdSTICA-Septiembre-2017.pdf\">Pertenencia Ling\u00fc\u00edstica- Septiembre &#8211; 2017<\/a><\/p>\n<p><a style=\"color: #000000;\" href=\"https:\/\/munisanjuansac.org\/msj\/wp-content\/uploads\/2017\/11\/28-PERTENENCIA-LING\u00dc\u00cdSTICA-OCTUBRE-2017.pdf\">Pertenencia Ling\u00fc\u00edstica- Octubre &#8211; 2017<\/a><\/p>\n<p><a style=\"color: #000000;\" href=\"https:\/\/munisanjuansac.org\/msj\/wp-content\/uploads\/2017\/12\/28-PERTENENCIA-LING\u00dc\u00cdSTICA-NOVIEMBRE-2017.pdf\">Pertenencia Ling\u00fc\u00edstica- Noviembre &#8211; 2017<\/a><\/p>\n","protected":false},"excerpt":{"rendered":"<p>Pertenencia Ling\u00fc\u00edstica- Enero- 2017 Pertenencia Ling\u00fc\u00edstica- Febrero- 2017 Pertenencia Ling\u00fc\u00edstica- Marzo &#8211; 2017 Pertenencia Ling\u00fc\u00edstica- Abril &#8211; 2017 Pertenencia Ling\u00fc\u00edstica- Mayo &#8211; 2017 Pertenencia Ling\u00fc\u00edstica- Junio &#8211; 2017 Pertenencia Ling\u00fc\u00edstica-&hellip;<\/p>\n","protected":false},"author":1,"featured_media":0,"parent":0,"menu_order":0,"comment_status":"closed","ping_status":"closed","template":"","meta":{"footnotes":""},"class_list":["post-1541","page","type-page","status-publish","hentry"],"yoast_head":"<!-- This site is optimized with the Yoast SEO plugin v22.0 - https:\/\/yoast.com\/wordpress\/plugins\/seo\/ -->\n<title>Informe sobre Pertenencia Socioling\u00fcistica 2017 - Municipalidad de San Juan Sacatep\u00e9quez<\/title>\n<meta name=\"robots\" content=\"index, follow, max-snippet:-1, max-image-preview:large, max-video-preview:-1\" \/>\n<link rel=\"canonical\" href=\"https:\/\/munisanjuansac.org\/msj\/informe-sobre-pertenencia-sociolinguistica-2017\/\" \/>\n<meta property=\"og:locale\" content=\"es_ES\" \/>\n<meta property=\"og:type\" content=\"article\" \/>\n<meta property=\"og:title\" content=\"Informe sobre Pertenencia Socioling\u00fcistica 2017 - Municipalidad de San Juan Sacatep\u00e9quez\" \/>\n<meta property=\"og:description\" content=\"Pertenencia Ling\u00fc\u00edstica- Enero- 2017 Pertenencia Ling\u00fc\u00edstica- Febrero- 2017 Pertenencia Ling\u00fc\u00edstica- Marzo &#8211; 2017 Pertenencia Ling\u00fc\u00edstica- Abril &#8211; 2017 Pertenencia Ling\u00fc\u00edstica- Mayo &#8211; 2017 Pertenencia Ling\u00fc\u00edstica- Junio &#8211; 2017 Pertenencia Ling\u00fc\u00edstica-&hellip;\" \/>\n<meta property=\"og:url\" content=\"https:\/\/munisanjuansac.org\/msj\/informe-sobre-pertenencia-sociolinguistica-2017\/\" \/>\n<meta property=\"og:site_name\" content=\"Municipalidad de San Juan Sacatep\u00e9quez\" \/>\n<meta property=\"article:publisher\" content=\"https:\/\/www.facebook.com\/MunicipalidadSanJuanSacatepequez\" \/>\n<meta name=\"twitter:card\" content=\"summary_large_image\" \/>\n<meta name=\"twitter:site\" content=\"@SanJuanSacatep1\" \/>\n<script type=\"application\/ld+json\" class=\"yoast-schema-graph\">{\"@context\":\"https:\/\/schema.org\",\"@graph\":[{\"@type\":\"WebPage\",\"@id\":\"https:\/\/munisanjuansac.org\/msj\/informe-sobre-pertenencia-sociolinguistica-2017\/\",\"url\":\"https:\/\/munisanjuansac.org\/msj\/informe-sobre-pertenencia-sociolinguistica-2017\/\",\"name\":\"Informe sobre Pertenencia Socioling\u00fcistica 2017 - Municipalidad de San Juan Sacatep\u00e9quez\",\"isPartOf\":{\"@id\":\"https:\/\/munisanjuansac.org\/msj\/#website\"},\"datePublished\":\"2018-07-18T17:23:02+00:00\",\"dateModified\":\"2018-07-18T17:23:02+00:00\",\"breadcrumb\":{\"@id\":\"https:\/\/munisanjuansac.org\/msj\/informe-sobre-pertenencia-sociolinguistica-2017\/#breadcrumb\"},\"inLanguage\":\"es\",\"potentialAction\":[{\"@type\":\"ReadAction\",\"target\":[\"https:\/\/munisanjuansac.org\/msj\/informe-sobre-pertenencia-sociolinguistica-2017\/\"]}]},{\"@type\":\"BreadcrumbList\",\"@id\":\"https:\/\/munisanjuansac.org\/msj\/informe-sobre-pertenencia-sociolinguistica-2017\/#breadcrumb\",\"itemListElement\":[{\"@type\":\"ListItem\",\"position\":1,\"name\":\"Portada\",\"item\":\"https:\/\/munisanjuansac.org\/msj\/\"},{\"@type\":\"ListItem\",\"position\":2,\"name\":\"Informe sobre Pertenencia Socioling\u00fcistica 2017\"}]},{\"@type\":\"WebSite\",\"@id\":\"https:\/\/munisanjuansac.org\/msj\/#website\",\"url\":\"https:\/\/munisanjuansac.org\/msj\/\",\"name\":\"Municipalidad de San Juan Sacatep\u00e9quez\",\"description\":\"\",\"publisher\":{\"@id\":\"https:\/\/munisanjuansac.org\/msj\/#organization\"},\"potentialAction\":[{\"@type\":\"SearchAction\",\"target\":{\"@type\":\"EntryPoint\",\"urlTemplate\":\"https:\/\/munisanjuansac.org\/msj\/?s={search_term_string}\"},\"query-input\":\"required name=search_term_string\"}],\"inLanguage\":\"es\"},{\"@type\":\"Organization\",\"@id\":\"https:\/\/munisanjuansac.org\/msj\/#organization\",\"name\":\"Municipalidad de San Juan Sacatep\u00e9quez\",\"url\":\"https:\/\/munisanjuansac.org\/msj\/\",\"logo\":{\"@type\":\"ImageObject\",\"inLanguage\":\"es\",\"@id\":\"https:\/\/munisanjuansac.org\/msj\/#\/schema\/logo\/image\/\",\"url\":\"https:\/\/munisanjuansac.org\/msj\/wp-content\/uploads\/2023\/11\/LOGO-45-DE-ANCHO-POR-50-DE-ALTO-DERECHO-E-IZQUIERDO-921x1024.png\",\"contentUrl\":\"https:\/\/munisanjuansac.org\/msj\/wp-content\/uploads\/2023\/11\/LOGO-45-DE-ANCHO-POR-50-DE-ALTO-DERECHO-E-IZQUIERDO-921x1024.png\",\"width\":921,\"height\":1024,\"caption\":\"Municipalidad de San Juan Sacatep\u00e9quez\"},\"image\":{\"@id\":\"https:\/\/munisanjuansac.org\/msj\/#\/schema\/logo\/image\/\"},\"sameAs\":[\"https:\/\/www.facebook.com\/MunicipalidadSanJuanSacatepequez\",\"https:\/\/twitter.com\/SanJuanSacatep1\",\"https:\/\/www.youtube.com\/@municipalidadsanjuansacate2849\/videos\",\"https:\/\/www.tiktok.com\/@munisanjuansac?lang=es\",\"https:\/\/www.tiktok.com\/@jc_pellecer?lang=es\"]}]}<\/script>\n<!-- \/ Yoast SEO plugin. -->","yoast_head_json":{"title":"Informe sobre Pertenencia Socioling\u00fcistica 2017 - Municipalidad de San Juan Sacatep\u00e9quez","robots":{"index":"index","follow":"follow","max-snippet":"max-snippet:-1","max-image-preview":"max-image-preview:large","max-video-preview":"max-video-preview:-1"},"canonical":"https:\/\/munisanjuansac.org\/msj\/informe-sobre-pertenencia-sociolinguistica-2017\/","og_locale":"es_ES","og_type":"article","og_title":"Informe sobre Pertenencia Socioling\u00fcistica 2017 - Municipalidad de San Juan Sacatep\u00e9quez","og_description":"Pertenencia Ling\u00fc\u00edstica- Enero- 2017 Pertenencia Ling\u00fc\u00edstica- Febrero- 2017 Pertenencia Ling\u00fc\u00edstica- Marzo &#8211; 2017 Pertenencia Ling\u00fc\u00edstica- Abril &#8211; 2017 Pertenencia Ling\u00fc\u00edstica- Mayo &#8211; 2017 Pertenencia Ling\u00fc\u00edstica- Junio &#8211; 2017 Pertenencia Ling\u00fc\u00edstica-&hellip;","og_url":"https:\/\/munisanjuansac.org\/msj\/informe-sobre-pertenencia-sociolinguistica-2017\/","og_site_name":"Municipalidad de San Juan Sacatep\u00e9quez","article_publisher":"https:\/\/www.facebook.com\/MunicipalidadSanJuanSacatepequez","twitter_card":"summary_large_image","twitter_site":"@SanJuanSacatep1","schema":{"@context":"https:\/\/schema.org","@graph":[{"@type":"WebPage","@id":"https:\/\/munisanjuansac.org\/msj\/informe-sobre-pertenencia-sociolinguistica-2017\/","url":"https:\/\/munisanjuansac.org\/msj\/informe-sobre-pertenencia-sociolinguistica-2017\/","name":"Informe sobre Pertenencia Socioling\u00fcistica 2017 - Municipalidad de San Juan Sacatep\u00e9quez","isPartOf":{"@id":"https:\/\/munisanjuansac.org\/msj\/#website"},"datePublished":"2018-07-18T17:23:02+00:00","dateModified":"2018-07-18T17:23:02+00:00","breadcrumb":{"@id":"https:\/\/munisanjuansac.org\/msj\/informe-sobre-pertenencia-sociolinguistica-2017\/#breadcrumb"},"inLanguage":"es","potentialAction":[{"@type":"ReadAction","target":["https:\/\/munisanjuansac.org\/msj\/informe-sobre-pertenencia-sociolinguistica-2017\/"]}]},{"@type":"BreadcrumbList","@id":"https:\/\/munisanjuansac.org\/msj\/informe-sobre-pertenencia-sociolinguistica-2017\/#breadcrumb","itemListElement":[{"@type":"ListItem","position":1,"name":"Portada","item":"https:\/\/munisanjuansac.org\/msj\/"},{"@type":"ListItem","position":2,"name":"Informe sobre Pertenencia Socioling\u00fcistica 2017"}]},{"@type":"WebSite","@id":"https:\/\/munisanjuansac.org\/msj\/#website","url":"https:\/\/munisanjuansac.org\/msj\/","name":"Municipalidad de San Juan Sacatep\u00e9quez","description":"","publisher":{"@id":"https:\/\/munisanjuansac.org\/msj\/#organization"},"potentialAction":[{"@type":"SearchAction","target":{"@type":"EntryPoint","urlTemplate":"https:\/\/munisanjuansac.org\/msj\/?s={search_term_string}"},"query-input":"required name=search_term_string"}],"inLanguage":"es"},{"@type":"Organization","@id":"https:\/\/munisanjuansac.org\/msj\/#organization","name":"Municipalidad de San Juan Sacatep\u00e9quez","url":"https:\/\/munisanjuansac.org\/msj\/","logo":{"@type":"ImageObject","inLanguage":"es","@id":"https:\/\/munisanjuansac.org\/msj\/#\/schema\/logo\/image\/","url":"https:\/\/munisanjuansac.org\/msj\/wp-content\/uploads\/2023\/11\/LOGO-45-DE-ANCHO-POR-50-DE-ALTO-DERECHO-E-IZQUIERDO-921x1024.png","contentUrl":"https:\/\/munisanjuansac.org\/msj\/wp-content\/uploads\/2023\/11\/LOGO-45-DE-ANCHO-POR-50-DE-ALTO-DERECHO-E-IZQUIERDO-921x1024.png","width":921,"height":1024,"caption":"Municipalidad de San Juan Sacatep\u00e9quez"},"image":{"@id":"https:\/\/munisanjuansac.org\/msj\/#\/schema\/logo\/image\/"},"sameAs":["https:\/\/www.facebook.com\/MunicipalidadSanJuanSacatepequez","https:\/\/twitter.com\/SanJuanSacatep1","https:\/\/www.youtube.com\/@municipalidadsanjuansacate2849\/videos","https:\/\/www.tiktok.com\/@munisanjuansac?lang=es","https:\/\/www.tiktok.com\/@jc_pellecer?lang=es"]}]}},"_links":{"self":[{"href":"https:\/\/munisanjuansac.org\/msj\/wp-json\/wp\/v2\/pages\/1541","targetHints":{"allow":["GET"]}}],"collection":[{"href":"https:\/\/munisanjuansac.org\/msj\/wp-json\/wp\/v2\/pages"}],"about":[{"href":"https:\/\/munisanjuansac.org\/msj\/wp-json\/wp\/v2\/types\/page"}],"author":[{"embeddable":true,"href":"https:\/\/munisanjuansac.org\/msj\/wp-json\/wp\/v2\/users\/1"}],"replies":[{"embeddable":true,"href":"https:\/\/munisanjuansac.org\/msj\/wp-json\/wp\/v2\/comments?post=1541"}],"version-history":[{"count":1,"href":"https:\/\/munisanjuansac.org\/msj\/wp-json\/wp\/v2\/pages\/1541\/revisions"}],"predecessor-version":[{"id":1542,"href":"https:\/\/munisanjuansac.org\/msj\/wp-json\/wp\/v2\/pages\/1541\/revisions\/1542"}],"wp:attachment":[{"href":"https:\/\/munisanjuansac.org\/msj\/wp-json\/wp\/v2\/media?parent=1541"}],"curies":[{"name":"wp","href":"https:\/\/api.w.org\/{rel}","templated":true}]}}

Informe sobre Pertenencia Sociolingüistica 2017

<p><span style="color: #000000;"><a style="color: #000000;" href="https://munisanjuansac.org/msj/wp-content/uploads/2017/03/28-PERTENENCIA-LINGÜÍSTICA-ENERO-2017.pdf" target="_blank" rel="noopener noreferrer">Pertenencia Lingüística- Enero- 201</a>7</span><br />
<span style="color: #000000;"><a style="color: #000000;" href="https://munisanjuansac.org/msj/wp-content/uploads/2017/03/28-PERTENENCIA-LINGÜÍSTICA-FEBRERO-2017.pdf" target="_blank" rel="noopener noreferrer">Pertenencia Lingüística- Febrero- 201</a>7</span></p>
<p><a style="color: #000000;" href="https://munisanjuansac.org/msj/wp-content/uploads/2017/05/28-PERTENENCIA-LINGÜÍSTICA-MARZO-2017.pdf" target="_blank" rel="noopener noreferrer">Pertenencia Lingüística- Marzo &#8211; 201</a>7</p>
<p><span style="color: #000000;"><a style="color: #000000;" href="https://munisanjuansac.org/msj/wp-content/uploads/2017/07/28-PERTENENCIA-LINGÜÍSTICA-JUNIO-2017.pdf">Pertenencia Lingüística- Abril &#8211; 2017</a></span></p>
<p><span style="color: #000000;"><a style="color: #000000;" href="https://munisanjuansac.org/msj/wp-content/uploads/2017/07/28-PERTENENCIA-LINGÜÍSTICA-MAYO-2017.pdf">Pertenencia Lingüística- Mayo &#8211; 2017</a></span></p>
<p><a style="color: #000000;" href="https://munisanjuansac.org/msj/wp-content/uploads/2017/07/28-PERTENENCIA-LINGÜÍSTICA-JUNIO-2017.pdf">Pertenencia Lingüística- Junio &#8211; 2017</a></p>
<p><span style="color: #000000;"><a style="color: #000000;" href="https://munisanjuansac.org/msj/wp-content/uploads/2017/08/28-PERTENENCIA-LINGÜÍSTICA-JULIO-2017.pdf">Pertenencia Lingüística- Julio &#8211; 2017</a></span></p>
<p><a style="color: #000000;" href="https://munisanjuansac.org/msj/wp-content/uploads/2017/09/28-PERTENENCIA-LINGÜÍSTICA-AGOSTO-2017.pdf">Pertenencia Lingüística- Agosto &#8211; 2017</a></p>
<p><a style="color: #000000;" href="https://munisanjuansac.org/msj/wp-content/uploads/2017/10/28-PERTENENCIA-LINGÜÍSTICA-Septiembre-2017.pdf">Pertenencia Lingüística- Septiembre &#8211; 2017</a></p>
<p><a style="color: #000000;" href="https://munisanjuansac.org/msj/wp-content/uploads/2017/11/28-PERTENENCIA-LINGÜÍSTICA-OCTUBRE-2017.pdf">Pertenencia Lingüística- Octubre &#8211; 2017</a></p>
<p><a style="color: #000000;" href="https://munisanjuansac.org/msj/wp-content/uploads/2017/12/28-PERTENENCIA-LINGÜÍSTICA-NOVIEMBRE-2017.pdf">Pertenencia Lingüística- Noviembre &#8211; 2017</a></p>

<p>Pertenencia Lingüística- Enero- 2017 Pertenencia Lingüística- Febrero- 2017 Pertenencia Lingüística- Marzo &#8211; 2017 Pertenencia Lingüística- Abril &#8211; 2017 Pertenencia Lingüística- Mayo &#8211; 2017 Pertenencia Lingüística- Junio &#8211; 2017 Pertenencia Lingüística-&hellip;</p>

<!-- This site is optimized with the Yoast SEO plugin v22.0 - https://yoast.com/wordpress/plugins/seo/ -->
<title>Informe sobre Pertenencia Sociolingüistica 2017 - Municipalidad de San Juan Sacatepéquez</title>
<meta name="robots" content="index, follow, max-snippet:-1, max-image-preview:large, max-video-preview:-1" />
<link rel="canonical" href="https://munisanjuansac.org/msj/informe-sobre-pertenencia-sociolinguistica-2017/" />
<meta property="og:locale" content="es_ES" />
<meta property="og:type" content="article" />
<meta property="og:title" content="Informe sobre Pertenencia Sociolingüistica 2017 - Municipalidad de San Juan Sacatepéquez" />
<meta property="og:description" content="Pertenencia Lingüística- Enero- 2017 Pertenencia Lingüística- Febrero- 2017 Pertenencia Lingüística- Marzo &#8211; 2017 Pertenencia Lingüística- Abril &#8211; 2017 Pertenencia Lingüística- Mayo &#8211; 2017 Pertenencia Lingüística- Junio &#8211; 2017 Pertenencia Lingüística-&hellip;" />
<meta property="og:url" content="https://munisanjuansac.org/msj/informe-sobre-pertenencia-sociolinguistica-2017/" />
<meta property="og:site_name" content="Municipalidad de San Juan Sacatepéquez" />
<meta property="article:publisher" content="https://www.facebook.com/MunicipalidadSanJuanSacatepequez" />
<meta name="twitter:card" content="summary_large_image" />
<meta name="twitter:site" content="@SanJuanSacatep1" />
<script type="application/ld+json" class="yoast-schema-graph">{"@context":"https://schema.org","@graph":[{"@type":"WebPage","@id":"https://munisanjuansac.org/msj/informe-sobre-pertenencia-sociolinguistica-2017/","url":"https://munisanjuansac.org/msj/informe-sobre-pertenencia-sociolinguistica-2017/","name":"Informe sobre Pertenencia Sociolingüistica 2017 - Municipalidad de San Juan Sacatepéquez","isPartOf":{"@id":"https://munisanjuansac.org/msj/#website"},"datePublished":"2018-07-18T17:23:02+00:00","dateModified":"2018-07-18T17:23:02+00:00","breadcrumb":{"@id":"https://munisanjuansac.org/msj/informe-sobre-pertenencia-sociolinguistica-2017/#breadcrumb"},"inLanguage":"es","potentialAction":[{"@type":"ReadAction","target":["https://munisanjuansac.org/msj/informe-sobre-pertenencia-sociolinguistica-2017/"]}]},{"@type":"BreadcrumbList","@id":"https://munisanjuansac.org/msj/informe-sobre-pertenencia-sociolinguistica-2017/#breadcrumb","itemListElement":[{"@type":"ListItem","position":1,"name":"Portada","item":"https://munisanjuansac.org/msj/"},{"@type":"ListItem","position":2,"name":"Informe sobre Pertenencia Sociolingüistica 2017"}]},{"@type":"WebSite","@id":"https://munisanjuansac.org/msj/#website","url":"https://munisanjuansac.org/msj/","name":"Municipalidad de San Juan Sacatepéquez","description":"","publisher":{"@id":"https://munisanjuansac.org/msj/#organization"},"potentialAction":[{"@type":"SearchAction","target":{"@type":"EntryPoint","urlTemplate":"https://munisanjuansac.org/msj/?s={search_term_string}"},"query-input":"required name=search_term_string"}],"inLanguage":"es"},{"@type":"Organization","@id":"https://munisanjuansac.org/msj/#organization","name":"Municipalidad de San Juan Sacatepéquez","url":"https://munisanjuansac.org/msj/","logo":{"@type":"ImageObject","inLanguage":"es","@id":"https://munisanjuansac.org/msj/#/schema/logo/image/","url":"https://munisanjuansac.org/msj/wp-content/uploads/2023/11/LOGO-45-DE-ANCHO-POR-50-DE-ALTO-DERECHO-E-IZQUIERDO-921x1024.png","contentUrl":"https://munisanjuansac.org/msj/wp-content/uploads/2023/11/LOGO-45-DE-ANCHO-POR-50-DE-ALTO-DERECHO-E-IZQUIERDO-921x1024.png","width":921,"height":1024,"caption":"Municipalidad de San Juan Sacatepéquez"},"image":{"@id":"https://munisanjuansac.org/msj/#/schema/logo/image/"},"sameAs":["https://www.facebook.com/MunicipalidadSanJuanSacatepequez","https://twitter.com/SanJuanSacatep1","https://www.youtube.com/@municipalidadsanjuansacate2849/videos","https://www.tiktok.com/@munisanjuansac?lang=es","https://www.tiktok.com/@jc_pellecer?lang=es"]}]}</script>
<!-- / Yoast SEO plugin. -->

Informe sobre Pertenencia Sociolingüistica 2017 - Municipalidad de San Juan Sacatepéquez

Pertenencia Lingüística- Enero- 2017 Pertenencia Lingüística- Febrero- 2017 Pertenencia Lingüística- Marzo &#8211; 2017 Pertenencia Lingüística- Abril &#8211; 2017 Pertenencia Lingüística- Mayo &#8211; 2017 Pertenencia Lingüística- Junio &#8211; 2017 Pertenencia Lingüística-&hellip;

Municipalidad de San Juan Sacatepéquez
